mmon divisor of y and m?
20
Let a(b) = 670*b + 2. Let m be a(1). Suppose -12*c + m = -4*c. What is the greatest common divisor of 21 and c?
21
Suppose -71400 = 27*s - 78*s. Calculate the greatest common factor of s and 56.
56
Let h(w) = w**3 - 15*w**2 - 33*w - 7. Let f be h(17). Let j = -6 - -26. What is the greatest common factor of j and f?
10
Let y(o) = 3*o - 6. Let j be y(7). Suppose -148 = -6*d - 88. Calculate the greatest common divisor of j and d.
5
Let a(z) = -z - 17. Let j be a(-20). What is the highest common divisor of 28 and j?
1
Let b be 4/(8/(-42))*(3 + -6). Suppose 0 = -s + 16 + 5. What is the greatest common factor of b and s?
21
Let i = 2 + -1. Let t be 13 - i/1 - 1. Let j = -25137 - -25258. Calculate the highest common divisor of t and j.
11
Let l be -5*((-45)/1)/5. Suppose -3*t - 2*t = -l. Let w(j) = -j**3 + 8*j**2 - 6*j. Let b be w(6). What is the greatest common divisor of b and t?
9
Let p be (16*11)/(3/6). Suppose -99 - 195 = -3*n. Let c = n + -66. Calculate the highest common factor of p and c.
32
Suppose -t - 222 = 3*j, -3*j + 5*j = -5*t - 1045. Let i be (-2)/(-4) - t/2. What is the highest common factor of i and 8?
8
Let j(v) = 24*v**2 + v + 1. Suppose -5*k - 16 = -5*o + 24, 3*o + 12 = -k. Let l = 8 + k. Let c be j(l). What is the highest common divisor of 48 and c?
24
Let y be 506/(-110) + (-3)/(-5) - 0. Let p = 2 + -4. Let z be 22 + y*(-3 - p). What is the greatest common factor of 182 and z?
26
Let z(x) = -17*x**3 - 3*x**2 - 4*x. Suppose 5*s = 3*s + 2*q, -q = -3*s - 4. Let n be z(s). Calculate the highest common factor of n and 12.
12
Let d be -1 + 9/5 - (-22)/10. Suppose 5*y = -4*k + 71, 2*k + 4*y = -k + 52. What is the greatest common divisor of k and d?
3
Let p(l) = 3*l**2 + l + 3. Let h be p(-3). What is the greatest common divisor of h and 153?
9
Let t(y) = y**2 + 6*y - 12. Let p be t(12). Let g(i) = 5*i - 3. Let d be g(3). Calculate the greatest common factor of d and p.
12
Let x = 104 - 77. Suppose l + 4*b = 4 - 7, l - 4 = 3*b. Suppose -4*n + 37 = l. What is the greatest common divisor of x and n?
9
Suppose 8*c = 3*c - 20, -2*a = -3*c - 68. Let z be -3 + ((-144)/(-1) - 1). What is the highest common divisor of z and a?
28
Let u(c) = 3*c**3 - 23*c**2 - 37*c + 20. Let j be u(9). What is the highest common factor of 22 and j?
11
Suppose 3*i = -4*m + 524, 14*i - 3*m + 888 = 19*i. What is the highest common divisor of i and 144?
36
Let a(d) = 5*d - 11. Let h be a(-5). Let l = 39 + h. Suppose q + 6 = 3*v, 0 = q + 2*q - 2*v - 17. Calculate the highest common divisor of l and q.
3
Let c be (-826)/(-35)*-1*-60. What is the highest common divisor of 24 and c?
24
Suppose 48 = -27*o + 31*o. Calculate the greatest common factor of 126 and o.
6
Let i = -30 - -42. Let m(y) = 2*y**2 - 8*y - 2. Let f be m(i). Suppose 19*t - f = 17*t. Calculate the highest common divisor of 19 and t.
19
Suppose 14*h = 19*h - 4*g - 207, 4*h - 159 = g. What is the greatest common factor of h and 1131?
39
Suppose 0 = 127*i - 136*i + 1449. Calculate the greatest common divisor of 437 and i.
23
Let f(y) = y**3 + y**2 - 5*y - 3. Let v be f(-2). Suppose 213 = -v*j + 6*j. Suppose -8*r - j + 775 = 0. What is the highest common divisor of 11 and r?
11
Suppose l - 1 = -5*c, c + 0*c + 19 = -5*l. Let i be 37/4 + c/(-4). Let v = -37 - -73. What is the greatest common factor of i and v?
9
Suppose -4*d + 5*r + 5 = d, 5 = -3*d - 5*r. Let g(c) = c + 159. Let j be g(d). Suppose -4*o + 93 + j = 0. Calculate the highest common divisor of o and 21.
21
Suppose -3*x - 5*q + 235 = 0, 4*q = -3*x + 77 + 159. Calculate the highest common divisor of x and 40.
40
Let j(z) = z**2 + 11*z + 15. Let r(c) = -c**2 + 7*c + 8. Let b be r(9). Let v be j(b). What is the greatest common factor of 20 and v?
5
Let u = 1532 - 1457. Calculate the greatest common divisor of u and 6.
3
Let f = 67 + -31. Suppose 6*y = 3*y + 90. Let t = y + -26. What is the highest common divisor of f and t?
4
Let c = -187 - -330. What is the highest common factor of c and 13?
13
Let x = 17 + -12. Suppose x*i + 2 + 3 = 5*t, t - 7 = -i. What is the highest common factor of i and 3?
3
Suppose 0 = 2*p + 3*f + 3 - 32, -5*p + 3*f + 62 = 0. Let r = 0 - 4. Let m be (-1)/((-2)/(-52))*r. What is the greatest common divisor of p and m?
13
Suppose -16*g = -25*g + 90. Calculate the highest common factor of 810 and g.
10
Suppose -506 - 2510 = -8*u. What is the highest common divisor of u and 13?
13
Let w be (-3 + (-21)/(-6))*4. Suppose 0*a = w*k + 2*a + 6, 2*k - 2*a = 14. Let l be 0/(0 + k) - -8. What is the highest common divisor of l and 8?
8
Let m = 395 - 187. What is the greatest common divisor of m and 48?
16
Suppose -26 = -6*x + 5*x. What is the greatest common divisor of x and 13?
13
Let o be 4/(-26) - (-164)/52. Let u be (-4 - (0 + 6)) + -4. Let a(b) = -2*b - 4. Let d be a(u). What is the highest common factor of o and d?
3
Suppose -3*r = 4*y - 2*r - 228, 2*r = 3*y - 160. Let s = 126 - y. Calculate the greatest common factor of s and 14.
14
Suppose -v = -4*r - 34, 3*r + 2*v + 6 + 14 = 0. Let s = -6 - r. What is the greatest common factor of 2 and s?
2
Let j(r) = -r**3 - 16*r**2 - 29*r + 1. Let l be j(-14). Calculate the greatest common factor of 195 and l.
15
Let w(l) = -77*l + 6. Let y be w(-1). Suppose -4*t + 2*t - 106 = 0. Let n = y + t. Calculate the highest common factor of 12 and n.
6
Let f = -58 - -52. Let k be (-814)/f - 4/6. Calculate the highest common divisor of k and 54.
27
Let p(b) = b + 1. Let g be p(4). Suppose -2*d + 35 = -g*f, 41 = -2*d + 4*d + f. What is the highest common factor of 220 and d?
20
Suppose -35*h = -42*h + 28. Suppose -4*d + h = -l, 7*l + 2*d - 38 = 3*l. What is the highest common factor of l and 8?
8
Let t be (-2)/15 - 5528/(-60). Suppose -t = -2*n - 2*n + 5*r, -3*r - 16 = -n. What is the highest common divisor of 112 and n?
28
Suppose 44*x - 5*x - 2145 = 0. What is the greatest common factor of 55 and x?
55
Let z(d) = 2*d - 9 + 15*d**2 - 14*d**2 + d + d. Let c = -10 + 3. Let y be z(c). What is the highest common divisor of 48 and y?
12
Let v(j) = -j**3 + 29*j**2 - 27*j + 48. Let h be v(28). Calculate the greatest common divisor of h and 4.
4
Let w be 101*(-3)/(-12)*4. Let r = -43 + w. Let a = r + 67. What is the highest common factor of 50 and a?
25
Suppose -5*m = 5*k - 135, m - 2*k = 15 + 27. What is the greatest common factor of m and 56?
8
Suppose m - 4*p = 1105, 7*m - 4476 = 3*m + 2*p. Calculate the highest common divisor of m and 118.
59
Suppose -3*i + 4*i - 543 = -5*m, 5*i - 447 = -4*m. Let r = -1453 + 1465. What is the greatest common factor of r and m?
12
Let i = -23 - -31. Let d be 7 - 7 - i/2. Let h be (-2 - -4)*(-18)/d. What is the greatest common divisor of 45 and h?
9
Suppose -9*u + 119 = -1411. Calculate the highest common factor of 30 and u.
10
Let q(z) = -z + 13. Let v be q(7). Suppose 5*f + 764 = -556. Let l be (-2 - 1/4)*f/9. Calculate the highest common factor of l and v.
6
Let y(d) = -d**3 + 19 - 7 - 2*d + 3*d. Let v be y(0). Suppose -47*a - 768 = -55*a. What is the greatest common divisor of a and v?
12
Suppose 0 = 19*c - 2645 - 1630. What is the highest common factor of 315 and c?
45
Let r(s) = -s**2 - 4*s + 1. Let w be r(-3). Let z(c) = 8*c - 1. Let t be z(w). Calculate the highest common factor of 217 and t.
31
Let d = 2869 + -1311. What is the highest common factor of d and 38?
38
Let h be 21 - ((-16)/(-4) + -6). Suppose -4*x + 0*x + 644 = 0. Calculate the highest common divisor of x and h.
23
Let k = -5 - -43. Let u = k - -74. Let n(x) = x**2 - 3*x + 4. Let o be n(5). Calculate the highest common factor of u and o.
14
Suppose -5*a + 20*a - 45 = 0. Calculate the highest common divisor of a and 6.
3
Let x(n) = 2*n + 22. Let a be x(-6). Suppose -a = -j + 3. Calculate the highest common divisor of j and 117.
13
Suppose -735 = 3*r - 8*r. Suppose -j + 53 = 5*c - 130, j - r = -4*c. Calculate the highest common factor of c and 12.
12
Let z(f) = f**2 + 7*f - 23. Let i be z(-10). Let x = -7 - -5. Let a(o) = -o**2 - 2*o + 1. Let b be a(x). Calculate the greatest common factor of i and b.
1
Let p = -879 + 893. What is the highest common factor of 1022 and p?
14
Let d = -135 + 232. Suppose 264 = 101*c - d*c. What is the highest common divisor of c and 165?
33
Le